le of 33?
True
Let y(s) = s + 16. Let o be y(-6). Let r(v) = -5*v + 16. Let q be r(o). Let a = -17 - q. Is a a multiple of 17?
True
Suppose 151*d - 145*d = 8460. Is 30 a factor of d?
True
Suppose 0 = -5*p + k - 55, 4*p + 53 = 3*k - 2. Let c(d) = -15*d - 52. Is c(p) a multiple of 7?
True
Suppose 0 = -3*l + 5*o + 20, 0*o - 17 = -4*l - 3*o. Suppose 5*u = 4 + 6. Suppose -u*q = -y + 11, -4*q + 7 = l*y - 6. Is 5 a factor of y?
True
Suppose 36 - 96 = -4*v. Suppose 3*h - 6*h = -v. Suppose 3*y = -p - p + 82, -h*p + 212 = 4*y. Does 15 divide p?
False
Let z(g) = 10*g**2 - 1. Let j be z(-1). Suppose 0 = 2*k + 17 + 19. Does 15 divide (82/(-4))/(j/k)?
False
Let t(j) = -625*j**3 - 4*j**2 - 6*j - 3. Does 13 divide t(-1)?
True
Let s(b) = 2*b - 17. Let i be s(16). Suppose 10*x + i = 5*n + 5*x, -3*n + 2*x + 6 = 0. Suppose j - 2*p - 38 = n, 2*j + 5*p - 4*p = 81. Is 10 a factor of j?
True
Let n(r) = -r**3 - 4*r**2 + 11*r + 14. Suppose 0 = 2*l - s + 7, -6*l + 5*l + s = 1. Is 13 a factor of n(l)?
False
Suppose -5*x + 1064 = 3*g, 0 = 2*x - 3*g - 0*g - 413. Is x a multiple of 7?
False
Suppose -2 = 2*t, -3*h + 2*t + 1112 = 2*h. Let k = h + -147. Does 15 divide k?
True
Let q be 5/(((-21)/6)/7). Let t = q - -11. Let z = 4 + t. Is 5 a factor of z?
True
Suppose 4*g - 1446 = 2*u, -2*u = 28*g - 25*g - 1074. Does 20 divide g?
True
Let h be 18 + (0 - -2) + 1. Is 14 a factor of ((-396)/(-42))/(3/h)?
False
Suppose 10 = 8*m - 3*m. Let j(c) = 0*c - 3*c - m*c. Is 3 a factor of j(-2)?
False
Suppose 0 = -2*u - u + 138. Let g = u - 34. Is 6 a factor of g?
True
Suppose 13*h + 51136 = 11*h. Does 17 divide ((-1)/(-5))/(-9 + h/(-2840))?
False
Let y = 149 + 46. Is 8 a factor of y?
False
Suppose -40 = -n - m - 16, 0 = -4*m - 12. Suppose -5*a + 12 - n = -5*d, d - 1 = -a. Suppose -d*v - 70 = -7*v. Does 3 divide v?
False
Let p(a) = -a**3 - 8*a**2 - 10*a - 16. Let f be p(-9). Is 8 a factor of (f/(-20))/(2/(-16))?
False
Let n(h) = h**3 - 4*h**2 + 4*h + 2480. Does 31 divide n(0)?
True
Suppose -3*v - 13 = 2. Let u be (-6)/(-20)*2*v. Is (-17)/(-2) - u/6 a multiple of 3?
True
Let j(z) = 178*z**2 + 6*z - 4. Let l be j(2). Suppose v - 10*v = -l. Is v a multiple of 14?
False
Let c(o) = -56*o - 203. Does 35 divide c(-10)?
False
Suppose 42*j + 132 = 46*j. Does 11 divide j?
True
Let v be 454 - 12/15*5. Suppose 5*z - v - 450 = 0. Is z a multiple of 12?
True
Let x(s) = 13*s**3 - s**2 - 3*s + 2. Let a = -5 - -7. Is 24 a factor of x(a)?
True
Let d = 378 + 367. Is 15 a factor of d?
False
Let b = -16 - -22. Let w(i) = i**3 - 3*i**2 + 4*i. Let a be w(b). Let l = a + -78. Does 18 divide l?
True
Let r(w) = 3*w - 17. Let t be r(5). Is 5 a factor of (9 + 1)/((-1)/t)?
True
Let q(v) = -v + 8. Does 6 divide q(-3)?
False
Suppose -8*p - 2*d = -3*p + 60, 5*p + 5*d + 75 = 0. Let v = p + 13. Let u = 30 - v. Is 5 a factor of u?
False
Suppose 0 = 5*u - v - 0*v - 970, u - 175 = 4*v. Does 7 divide u?
False
Is 2/(-7) - (2475/(-63) + 5) a multiple of 17?
True
Let k = -31 + 30. Let w(c) = -c**3 + 10*c**2 - 2. Let p be w(10). Is (-33)/p - k/2 a multiple of 3?
False
Suppose 9 = 2*h - h - 3*d, -3*h = 4*d - 14. Let t(s) = s**2 - 6*s + 3. Let b be t(h). Let u(w) = 23*w + 8. Is 36 a factor of u(b)?
False
Suppose 615 - 55 = 4*i. Suppose -17*u + i = -15*u. Is u a multiple of 14?
True
Let s(q) = 3*q**2 + 2*q - 2. Suppose -t + 5*b - 11 = -3*t, -19 = 2*t - 5*b. Let n be s(t). Suppose 2*w - r = -n*r + 60, 3*w = 3*r + 111. Is w a multiple of 18?
False
Suppose v = -2*u - u + 54, -5*u = v - 90. Let d be u/4*4/(-6). Let o(t) = t**2 - t - 2. Is 10 a factor of o(d)?
True
Suppose -4*z + 4*j = -24, -22 = -z - 4*z + j. Suppose 0 = t + 2*n + 83, -n - 1 = z. Is 20 a factor of 0 - -1 - t - 2?
False
Suppose -c = 3*c - 84. Let g = c - 13. Let l(j) = -j**2 + 11*j - 19. Does 2 divide l(g)?
False
Suppose 0 = -347*t + 348*t - 2925. Is t a multiple of 20?
False
Suppose -5*o + 56 - 16 = 0. Suppose -14*u = -o*u - 1326. Does 9 divide u?
False
Suppose -4*q - 308 = -0*q. Suppose -6*x = 4*x + 1190. Let g = q - x. Is 14 a factor of g?
True
Let b(s) = s - 6. Let j be b(9). Suppose j*f + 4*z = 214, 58 = 2*f + 4*z - 86. Suppose 0*q - f = -4*v - 3*q, q = 2. Is v a multiple of 8?
True
Suppose -2*q = 10, -3*q = -2*m - 3*m + 665. Does 9 divide m?
False
Is -5724*(0 - 11/33) a multiple of 12?
True
Let a = -89 + 150. Suppose 0 = -g + 4*h - 90, -4*h - a = 3*g + 129. Let u = g - -98. Is u a multiple of 14?
True
Let g(v) = -2*v**3 + 16*v + 30. Is g(-9) a multiple of 10?
False
Let q(i) = -i - 35. Let x be q(-14). Suppose 0 = 3*h - h - 16. Does 22 divide (x*h)/(-3) - -4?
False
Let d(q) = q**2 - 7*q - 2. Let h be d(6). Let b be ((-18)/72)/(2/(-16)). Let o = b - h. Does 5 divide o?
True
Suppose 2*s - 1 = -13. Is 16 a factor of 0/3 - s*23?
False
Is 5/3 - (-6916)/156 a multiple of 3?
False
Let s(r) = 205*r. Let y be s(1). Suppose -75 = -4*m + y. Suppose m = 5*o + 2*x - 56, -3*x - 87 = -4*o. Is 8 a factor of o?
True
Let s be 4/(-16) + -13*(-3)/12. Suppose -4*k + 3*k = 5*p - 145, 425 = s*k + 5*p. Is k a multiple of 35?
True
Suppose 4*g + 7 = -1. Does 6 divide (-5 + 8)/(g/(-6))?
False
Let n(v) = v**3 + 12*v - 2. Does 39 divide n(6)?
False
Suppose -3*h + h - 5*g + 8403 = 0, 2*g = h - 4197. Is 80 a factor of h?
False
Let i be -3 + 4 + -5 - -38. Suppose -i = -2*b + 20. Is b a multiple of 6?
False
Let l be 0/(2 + -5 - -2). Let k = 5 + l. Suppose -k*t = 4*i - 130, -3*i + 80 = 2*t - 7*t. Is 15 a factor of i?
True
Suppose 0*p - 2 = -p, -p = 2*r - 14. Is (-30)/45 - (-328)/r a multiple of 6?
True
Suppose 161*u + 852 = 173*u. Is 71 a factor of u?
True
Let m(g) = 2*g**3 - 10*g**2 + 29*g + 41. Does 38 divide m(9)?
True
Let g be (58/3)/((-4)/(-6)). Let r = g - 11. Is 3 a factor of r?
True
Let r = 2443 - 1301. Is r a multiple of 15?
False
Let r(k) = 57*k**2 + 23*k - 52. Does 21 divide r(8)?
True
Let d(m) be the first derivative of 23*m**3/3 - m**2 + 17*m - 2. Let j(n) = 15*n**2 - n + 11. Let w(x) = -5*d(x) + 8*j(x). Is 10 a factor of w(-3)?
False
Suppose -156*w + 147*w + 24696 = 0. Is w a multiple of 98?
True
Suppose -3*k = -620 - 292. Suppose 2*n = -6*n + k. Is 7 a factor of n?
False
Let q be -1 - ((-3)/5)/((-2)/(-10)). Let b = -1 + 3. Suppose t - 109 = 3*j - 314, -b*t + 134 = q*j. Is j a multiple of 27?
False
Let a = 558 + 1354. Does 8 divide a?
True
Let k be (20/(-15))/(8/(-12)). Suppose k*z - 236 = -0*a - 2*a, -5*a = -2*z - 604. Is a a multiple of 24?
True
Let g = 2 - -2. Let j(m) = -4 - 12 + 8 + g*m. Is j(9) a multiple of 13?
False
Suppose 0 = 5*u - 3*r + 32, 5*u - 4*r = -12 - 24. Let j(f) = -f**3 - 2*f**2 - 6*f - 4. Is 8 a factor of j(u)?
False
Let r(f) = 66*f + 66. Is 44 a factor of r(15)?
True
Suppose -4 = -2*b, 0 = m + 2*m - 5*b - 59. Let w = 32 - m. Is w a multiple of 2?
False
Let z be (0 - -3)*77/(-21). Let o(m) = -3*m - 15. Let n be o(z). Suppose i - 71 = -2*p, i = p - 2*i - n. Is p a multiple of 10?
False
Let h(m) be the second derivative of m**5/20 + 7*m**4/12 + m**2/2 + 2*m. Suppose 0*y + 4*y = -4, -p - 5 = y. Is h(p) a multiple of 15?
False
Let c(d) = 6*d**3 - 8*d**2 + 11*d - 2. Let m(u) = 6*u**3 - 9*u**2 + 10*u - 3. Let n(l) = 3*c(l) - 2*m(l). Does 21 divide n(3)?
True
Let w = 368 + -115. Is w a multiple of 7?
False
Suppose -4*x + 0*t + 3935 = -t, 3*t = 4*x - 3941. Does 8 divide x?
False
Let u = -1372 + 2407. Does 20 divide u?
False
Let t = 293 - 264. Is t a multiple of 6?
False
Let y(u) = 79*u**2. Let l = -1 - -18. Let r = 16 - l. Is y(r) a multiple of 34?
False
Let h = 34 + -20. Let x = h + 266. Is 10 a factor of x?
True
Let u = -451 - -681. Is u a multiple of 54?
False
Let w(t) = 163*t. Let v be (-4)/10*((-6)/4 + -1). Is 14 a factor of w(v)?
False
Suppose -16*q = 7*q - 7360. Is q a multiple of 10?
True
Let i = -5 + 9. Let o = -1 + i. Does 15 divide 66 + 28/(-4) + o?
False
Let i(g) = 99*g**3 - g**2 - g. Suppose 3*v + 2 = v. Let k be i(v). Does 11 divide -1*2*k/6?
True
Let f = -11 - -16. Let q(l) = 3*l - 3*l + 6 - f*l - 19. Is q(-9) a multiple of 6?
False
Let y = -3336 - -4748. Is y a multiple of 30?
False
Let a(v) = -14*v**3 + v**2. Let p be a(-1). Let g(l) = l**2 - 8*l + 21. Is 31 a factor of g(p)?
False
Let d be (-17)/34*24/(-2). Suppose m = 25 - d. Suppose -3*f = -z - z + m, f = z - 8. Is 4 a factor of z?
False
Let h(i) = i**3 + 10*i**2 + 3*i + 5. Let y(w) = 1. Let l(s) = h(s)